{"id":736,"date":"2019-12-17T18:11:11","date_gmt":"2019-12-17T17:11:11","guid":{"rendered":"http:\/\/ayuntamientodeubeda.com\/fondosfeder\/?page_id=736"},"modified":"2019-12-17T18:13:17","modified_gmt":"2019-12-17T17:13:17","slug":"presentacion","status":"publish","type":"page","link":"http:\/\/ayuntamientodeubeda.com\/fondosfeder\/presentacion\/","title":{"rendered":"Presentaci\u00f3n EDUSI"},"content":{"rendered":"\n[et_pb_section fb_built=\u00bb1&#8243; _builder_version=\u00bb3.19.15&#8243;][et_pb_row _builder_version=\u00bb3.19.15&#8243;][et_pb_column type=\u00bb4_4&#8243; _builder_version=\u00bb3.19.15&#8243;][et_pb_text _builder_version=\u00bb3.19.15&#8243; background_color=\u00bb#e09900&#8243; text_font=\u00bb||||||||\u00bb header_font=\u00bb|800|||||||\u00bb header_text_align=\u00bbcenter\u00bb]<h1 style=\"text-align: center;\"><span style=\"color: #3366ff;\">Presentaci\u00f3n EDUSI y V\u00eddeos Previos de Actuaciones<\/span><\/h1>\n[\/et_pb_text][\/et_pb_column][\/et_pb_row][et_pb_row _builder_version=\u00bb3.19.15&#8243;][et_pb_column type=\u00bb4_4&#8243; _builder_version=\u00bb3.19.15&#8243;][et_pb_video box_shadow_style=\u00bbpreset2&#8243; box_shadow_color=\u00bb#e09900&#8243; src=\u00bbhttps:\/\/youtu.be\/w3OcKqIJ-00&#8243; _builder_version=\u00bb3.19.15&#8243;][\/et_pb_video][et_pb_text _builder_version=\u00bb3.19.15&#8243;]<h2 style=\"text-align: center;\"><span style=\"color: #ff6600;\"><strong><\/strong><\/span><\/h2>\n<h2 style=\"text-align: center;\"><span style=\"color: #ff6600;\"><strong><\/strong><\/span><\/h2>\n<h2 style=\"text-align: center;\"><span style=\"color: #ff6600;\"><strong><\/strong><\/span><\/h2>\n<h2 style=\"text-align: center;\"><span style=\"color: #ff6600;\"><strong>ACTUACIONES<\/strong><\/span><\/h2>\n[\/et_pb_text][\/et_pb_column][\/et_pb_row][et_pb_row _builder_version=\u00bb3.19.15&#8243;][et_pb_column type=\u00bb1_3&#8243; _builder_version=\u00bb3.19.15&#8243;][et_pb_video src=\u00bbhttps:\/\/youtu.be\/Aj3A1bBVXNY\u00bb _builder_version=\u00bb3.19.15&#8243;][\/et_pb_video][et_pb_text _builder_version=\u00bb3.19.15&#8243;]<table>\n<tbody>\n<tr>\n<td width=\"183\" style=\"text-align: center;\">Centro de Interpretaci\u00f3n Joaqu\u00edn Sabina<\/td>\n<\/tr>\n<\/tbody>\n<\/table>\n[\/et_pb_text][\/et_pb_column][et_pb_column type=\u00bb1_3&#8243; _builder_version=\u00bb3.19.15&#8243;][et_pb_video src=\u00bbhttps:\/\/youtu.be\/KHbiqnsxxAo\u00bb _builder_version=\u00bb3.19.15&#8243;][\/et_pb_video][et_pb_text _builder_version=\u00bb3.19.15&#8243;]<p style=\"text-align: center;\">Cerro del Alc\u00e1zar Baeza<\/p>\n[\/et_pb_text][\/et_pb_column][et_pb_column type=\u00bb1_3&#8243; _builder_version=\u00bb3.19.15&#8243;][et_pb_video src=\u00bbhttps:\/\/youtu.be\/0CE2HQPt5EM\u00bb _builder_version=\u00bb3.19.15&#8243;][\/et_pb_video][et_pb_text _builder_version=\u00bb3.19.15&#8243;]<p style=\"text-align: center;\">Corredera San Fernando \u00dabeda<\/p>[\/et_pb_text][\/et_pb_column][\/et_pb_row][et_pb_row _builder_version=\u00bb3.19.15&#8243;][et_pb_column type=\u00bb1_3&#8243; _builder_version=\u00bb3.19.15&#8243;][et_pb_video src=\u00bbhttps:\/\/youtu.be\/qEN733jtN38&#8243; _builder_version=\u00bb3.19.15&#8243;][\/et_pb_video][et_pb_text _builder_version=\u00bb3.19.15&#8243;]<table>\n<tbody>\n<tr>\n<td width=\"183\">\n<p>Eras del Alc\u00e1zar \u00dabeda<\/p>\n<\/td>\n<\/tr>\n<\/tbody>\n<\/table>\n<p>&nbsp;<\/p>\n[\/et_pb_text][\/et_pb_column][et_pb_column type=\u00bb1_3&#8243; _builder_version=\u00bb3.19.15&#8243;][et_pb_video src=\u00bbhttps:\/\/youtu.be\/JCSLU3pcYVc\u00bb _builder_version=\u00bb3.19.15&#8243;][\/et_pb_video][et_pb_text _builder_version=\u00bb3.19.15&#8243;]<table>\n<tbody>\n<tr>\n<td width=\"183\">\n<p style=\"text-align: center;\">Hospital de Santiago \u00dabeda<\/p>\n<\/td>\n<\/tr>\n<\/tbody>\n<\/table>\n[\/et_pb_text][\/et_pb_column][et_pb_column type=\u00bb1_3&#8243; _builder_version=\u00bb3.19.15&#8243;][et_pb_video src=\u00bbhttps:\/\/youtu.be\/4ZWQYAAxOI4&#8243; _builder_version=\u00bb3.19.15&#8243;][\/et_pb_video][et_pb_text _builder_version=\u00bb3.19.15&#8243;]<p style=\"text-align: center;\">Casas Consistoriales Baeza<\/p>\n[\/et_pb_text][\/et_pb_column][\/et_pb_row][\/et_pb_section]\n ","protected":false},"excerpt":{"rendered":"<p>Presentaci\u00f3n EDUSI y V\u00eddeos Previos de Actuaciones ACTUACIONES Centro de Interpretaci\u00f3n Joaqu\u00edn Sabina Cerro del Alc\u00e1zar Baeza Corredera San Fernando \u00dabeda Eras del Alc\u00e1zar \u00dabeda &nbsp; Hospital de Santiago \u00dabeda Casas Consistoriales Baeza<\/p>\n","protected":false},"author":2,"featured_media":0,"parent":0,"menu_order":0,"comment_status":"closed","ping_status":"closed","template":"","meta":{"_et_pb_use_builder":"on","_et_pb_old_content":"","_et_gb_content_width":"","footnotes":""},"class_list":["post-736","page","type-page","status-publish","hentry"],"_links":{"self":[{"href":"http:\/\/ayuntamientodeubeda.com\/fondosfeder\/wp-json\/wp\/v2\/pages\/736"}],"collection":[{"href":"http:\/\/ayuntamientodeubeda.com\/fondosfeder\/wp-json\/wp\/v2\/pages"}],"about":[{"href":"http:\/\/ayuntamientodeubeda.com\/fondosfeder\/wp-json\/wp\/v2\/types\/page"}],"author":[{"embeddable":true,"href":"http:\/\/ayuntamientodeubeda.com\/fondosfeder\/wp-json\/wp\/v2\/users\/2"}],"replies":[{"embeddable":true,"href":"http:\/\/ayuntamientodeubeda.com\/fondosfeder\/wp-json\/wp\/v2\/comments?post=736"}],"version-history":[{"count":4,"href":"http:\/\/ayuntamientodeubeda.com\/fondosfeder\/wp-json\/wp\/v2\/pages\/736\/revisions"}],"predecessor-version":[{"id":741,"href":"http:\/\/ayuntamientodeubeda.com\/fondosfeder\/wp-json\/wp\/v2\/pages\/736\/revisions\/741"}],"wp:attachment":[{"href":"http:\/\/ayuntamientodeubeda.com\/fondosfeder\/wp-json\/wp\/v2\/media?parent=736"}],"curies":[{"name":"wp","href":"https:\/\/api.w.org\/{rel}","templated":true}]}}

Presentación EDUSI

[et_pb_section fb_built=»1&#8243; _builder_version=»3.19.15&#8243;][et_pb_row _builder_version=»3.19.15&#8243;][et_pb_column type=»4_4&#8243; _builder_version=»3.19.15&#8243;][et_pb_text _builder_version=»3.19.15&#8243; background_color=»#e09900&#8243; text_font=»||||||||» header_font=»|800|||||||» header_text_align=»center»]<h1 style="text-align: center;"><span style="color: #3366ff;">Presentación EDUSI y Vídeos Previos de Actuaciones</span></h1>
[/et_pb_text][/et_pb_column][/et_pb_row][et_pb_row _builder_version=»3.19.15&#8243;][et_pb_column type=»4_4&#8243; _builder_version=»3.19.15&#8243;][et_pb_video box_shadow_style=»preset2&#8243; box_shadow_color=»#e09900&#8243; src=»https://youtu.be/w3OcKqIJ-00&#8243; _builder_version=»3.19.15&#8243;][/et_pb_video][et_pb_text _builder_version=»3.19.15&#8243;]<h2 style="text-align: center;"><span style="color: #ff6600;"><strong></strong></span></h2>
<h2 style="text-align: center;"><span style="color: #ff6600;"><strong></strong></span></h2>
<h2 style="text-align: center;"><span style="color: #ff6600;"><strong></strong></span></h2>
<h2 style="text-align: center;"><span style="color: #ff6600;"><strong>ACTUACIONES</strong></span></h2>
[/et_pb_text][/et_pb_column][/et_pb_row][et_pb_row _builder_version=»3.19.15&#8243;][et_pb_column type=»1_3&#8243; _builder_version=»3.19.15&#8243;][et_pb_video src=»https://youtu.be/Aj3A1bBVXNY» _builder_version=»3.19.15&#8243;][/et_pb_video][et_pb_text _builder_version=»3.19.15&#8243;]<table>
<tbody>
<tr>
<td width="183" style="text-align: center;">Centro de Interpretación Joaquín Sabina</td>
</tr>
</tbody>
</table>
[/et_pb_text][/et_pb_column][et_pb_column type=»1_3&#8243; _builder_version=»3.19.15&#8243;][et_pb_video src=»https://youtu.be/KHbiqnsxxAo» _builder_version=»3.19.15&#8243;][/et_pb_video][et_pb_text _builder_version=»3.19.15&#8243;]<p style="text-align: center;">Cerro del Alcázar Baeza</p>
[/et_pb_text][/et_pb_column][et_pb_column type=»1_3&#8243; _builder_version=»3.19.15&#8243;][et_pb_video src=»https://youtu.be/0CE2HQPt5EM» _builder_version=»3.19.15&#8243;][/et_pb_video][et_pb_text _builder_version=»3.19.15&#8243;]<p style="text-align: center;">Corredera San Fernando Úbeda</p>[/et_pb_text][/et_pb_column][/et_pb_row][et_pb_row _builder_version=»3.19.15&#8243;][et_pb_column type=»1_3&#8243; _builder_version=»3.19.15&#8243;][et_pb_video src=»https://youtu.be/qEN733jtN38&#8243; _builder_version=»3.19.15&#8243;][/et_pb_video][et_pb_text _builder_version=»3.19.15&#8243;]<table>
<tbody>
<tr>
<td width="183">
<p>Eras del Alcázar Úbeda</p>
</td>
</tr>
</tbody>
</table>
<p>&nbsp;</p>
[/et_pb_text][/et_pb_column][et_pb_column type=»1_3&#8243; _builder_version=»3.19.15&#8243;][et_pb_video src=»https://youtu.be/JCSLU3pcYVc» _builder_version=»3.19.15&#8243;][/et_pb_video][et_pb_text _builder_version=»3.19.15&#8243;]<table>
<tbody>
<tr>
<td width="183">
<p style="text-align: center;">Hospital de Santiago Úbeda</p>
</td>
</tr>
</tbody>
</table>
[/et_pb_text][/et_pb_column][et_pb_column type=»1_3&#8243; _builder_version=»3.19.15&#8243;][et_pb_video src=»https://youtu.be/4ZWQYAAxOI4&#8243; _builder_version=»3.19.15&#8243;][/et_pb_video][et_pb_text _builder_version=»3.19.15&#8243;]<p style="text-align: center;">Casas Consistoriales Baeza</p>
[/et_pb_text][/et_pb_column][/et_pb_row][/et_pb_section]

<p>Presentación EDUSI y Vídeos Previos de Actuaciones ACTUACIONES Centro de Interpretación Joaquín Sabina Cerro del Alcázar Baeza Corredera San Fernando Úbeda Eras del Alcázar Úbeda &nbsp; Hospital de Santiago Úbeda Casas Consistoriales Baeza</p>
